659 is divided by 3191?
19
Calculate the remainder when 144675 is divided by 16064.
99
Calculate the remainder when 2349382 is divided by 117449.
402
What is the remainder when 514764 is divided by 83?
81
What is the remainder when 92496 is divided by 91963?
533
What is the remainder when 913696 is divided by 456838?
20
Calculate the remainder when 1503848 is divided by 375955.
28
What is the remainder when 864127 is divided by 431811?
505
Calculate the remainder when 20515529 is divided by 34831.
70
What is the remainder when 761133859 is divided by 16651?
16649
What is the remainder when 7157168 is divided by 10?
8
Calculate the remainder when 3952042 is divided by 43.
41
What is the remainder when 36386 is divided by 4111?
3498
Calculate the remainder when 14299526 is divided by 4766452.
170
Calculate the remainder when 157846529 is divided by 225.
29
Calculate the remainder when 106402 is divided by 2141.
1493
Calculate the remainder when 658863 is divided by 467.
393
Calculate the remainder when 85658596 is divided by 23220.
16
Calculate the remainder when 182473 is divided by 182448.
25
What is the remainder when 600183 is divided by 300084?
15
Calculate the remainder when 1203427 is divided by 120340.
27
Calculate the remainder when 5443787 is divided by 6696.
6635
Calculate the remainder when 7898799 is divided by 9121.
13
What is the remainder when 6991548 is divided by 1398307?
13
Calculate the remainder when 708452 is divided by 78707.
89
What is the remainder when 99038 is divided by 572?
82
What is the remainder when 1553046 is divided by 134?
120
What is the remainder when 111153447 is divided by 2190?
2187
Calculate the remainder when 1410353 is divided by 382.
9
What is the remainder when 176824240 is divided by 42?
40
What is the remainder when 692700 is divided by 173168?
28
What is the remainder when 468731 is divided by 1260?
11
What is the remainder when 124167 is divided by 2298?
75
What is the remainder when 488064 is divided by 37542?
18
Calculate the remainder when 1343485 is divided by 447811.
52
Calculate the remainder when 353722 is divided by 3468.
3454
What is the remainder when 1611864 is divided by 50370?
24
What is the remainder when 43381481 is divided by 14460488?
17
Calculate the remainder when 15419952 is divided by 2921.
2914
Calculate the remainder when 168010 is divided by 5088.
106
What is the remainder when 796907 is divided by 96?
11
What is the remainder when 11577949 is divided by 14?
5
What is the remainder when 7055 is divided by 1557?
827
Calculate the remainder when 9100965 is divided by 2117.
2099
What is the remainder when 38349 is divided by 4786?
61
Calculate the remainder when 8941 is divided by 838.
561
Calculate the remainder when 1080719 is divided by 3319.
2044
Calculate the remainder when 117934 is divided by 58797.
340
Calculate the remainder when 47889 is divided by 15652.
933
Calculate the remainder when 498101086 is divided by 11.
10
Calculate the remainder when 9211959 is divided by 2723.
50
Calculate the remainder when 23336 is divided by 6209.
4709
Calculate the remainder when 27683598 is divided by 5536703.
83
Calculate the remainder when 332047 is divided by 331271.
776
Calculate the remainder when 7073414 is divided by 8765.
59
What is the remainder when 371655 is divided by 405?
270
What is the remainder when 90787 is divided by 6043?
142
Calculate the remainder when 5533776 is divided by 2454.
6
Calculate the remainder when 510793 is divided by 170187.
232
Calculate the remainder when 4351079 is divided by 2872.
2871
What is the remainder when 1134759 is divided by 167?
161
Calculate the remainder when 1664957 is divided by 1664950.
7
What is the remainder when 1195670 is divided by 2669?
2627
What is the remainder when 450332 is divided by 90?
62
Calculate the remainder when 398999 is divided by 4533.
95
Calculate the remainder when 1677679 is divided by 119833.
17
Calculate the remainder when 3157 is divided by 2814.
343
What is the remainder when 8719389 is divided by 32294?
9
What is the remainder when 4965965 is divided by 844?
713
Calculate the remainder when 3589260 is divided by 34.
16
What is the remainder when 3478136 is divided by 21?
11
Calculate the remainder when 406468 is divided by 40617.
298
Calculate the remainder when 4388318 is divided by 129068.
6
Calculate the remainder when 36098992 is divided by 131269.
17
What is the remainder when 802 is divided by 346?
110
What is the remainder when 39156 is divided by 17262?
4632
What is the remainder when 29705 is divided by 4115?
900
What is the remainder when 1156181 is divided by 2575?
6
What is the remainder when 1129127 is divided by 128?
39
What is the remainder when 152101 is divided by 209?
158
What is the remainder when 42600 is divided by 7475?
5225
What is the remainder when 4012559 is divided by 2006272?
15
What is the remainder when 566859 is divided by 2890?
419
Calculate the remainder when 1829316 is divided by 529.
34
Calculate the remainder when 63327968 is divided by 21109318.
14
Calculate the remainder when 821766 is divided by 10145.
21
Calculate the remainder when 2459706 is divided by 3402.
60
What is the remainder when 39548604 is divided by 19774297?
10
Calculate the remainder when 471130798 is divided by 400.
398
Calculate the remainder when 125721 is divided by 1586.
427
Calculate the remainder when 80688691 is divided by 343.
342
What is the remainder when 229906 is divided by 490?
96
Calculate the remainder when 165993844 is divided by 448.
436
What is the remainder when 3741524 is divided by 243?
53
What is the remainder when 2336464 is divided by 6?
4
Calculate the remainder when 8422386 is divided by 67.
17
What is the remainder when 66892 is divided by 31407?
4078
What is the remainder when 73168 is divided by 3472?
256
What is the remainder when 68452 is divided by 617?
582
Calculate the remainder when 2731119 is divided by 124141.
17
Calculate the remainder when 23084 is divided by 11408.
268
What is the remainder when 61963 is divided by 10315?
73
What is the remainder when 1354106 is divided by 16?
10
Calculate the remainder when 897139 is divided by 1212.
259
What is the remainder when 11041311 is divided by 168?
15
What is the remainder when 37597603 is divided by 484?
483
Calculate the remainder when 159940 is divided by 720.
100
Calculate the remainder when 4027761 is divided by 3379.
3372
Calculate the remainder when 3056568 is divided by 8834.
4
What is the remainder when 182026 is divided by 48?
10
Calculate the remainder when 1190525 is divided by 494.
479
Calculate the remainder when 6293645 is divided by 217018.
123
What is the remainder when 260677181 is divided by 526?
523
What is the remainder when 4558714 is divided by 342?
196
Calculate the remainder when 517894 is divided by 258592.
710
What is the remainder when 25827228 is divided by 8609067?
27
Calculate the remainder when 57520224 is divided by 1223834.
26
What is the remainder when 2550448 is divided by 1225?
1223
What is the remainder when 4907 is divided by 3885?
1022
What is the remainder when 33545347 is divided by 1982?
1979
What is the remainder when 39065174 is divided by 2162?
2158
What is the remainder when 2253407 is divided by 34133?
629
Calculate the remainder when 250966 is divided by 8.
6
Calculate the remainder when 8149636 is divided by 5711.
39
Calculate the remainder when 99224 is divided by 1675.
399
Calculate the remainder when 6298083 is divided by 197.
190
Calculate the remainder when 4266735 is divided by 1537.
23
What is the remainder when 1507614 is divided by 376846?
230
What is the remainder when 3603829 is divided by 111?
103
Calculate the remainder when 260201136 is divided by 21.
6
What is the remainder when 9756232 is divided by 2?
0
Calculate the remainder when 1692284 is divided by 226.
222
Calculate the remainder when 47991 is divided by 3017.
2736
What is the remainder when 504614 is divided by 415?
389
What is the remainder when 139269 is divided by 27836?
89
Calculate the remainder when 1187512 is divided by 2730.
2692
What is the remainder when 7671475 is divided by 1382?
1375
Calculate the remainder when 1171639 is divided by 1956.
1951
What is the remainder when